
Let v = 92 - -87. Let g = -96 + v. Suppose 130 = 3*c - g. Is c a composite number?
False
Let l = 261 + -259. Suppose -3*x + 12454 = -l*s + 3689, -5*s = -2*x + 5836. Is x a composite number?
True
Let c(b) = -305180*b - 441. Is c(-3) prime?
False
Let p(w) = -344*w**3 - w**2 - 5*w + 8. Let q be p(4). Let l = -15163 - q. Is l composite?
True
Suppose 2*s = -3*s - 4445. Let k = s + 1358. Is k a prime number?
False
Is (-3558)/2*((-2056)/6)/4 prime?
False
Suppose -46*s - 62*s = -11504916. Is s composite?
True
Is 4/22 + (-404688537)/(-1089) prime?
False
Let f = -78955 - -130887. Suppose 29593 = 15*r - f. Is r a composite number?
True
Let l = 130 - 44. Let w = 37 - l. Let j = w - -146. Is j a composite number?
False
Let f(d) = 3090*d**2 + 774*d - 35. Is f(-12) a composite number?
False
Let n(a) = 2*a**2 - 2*a. Let s be n(0). Suppose -15 = -4*j - 3*u + 6*u, s = -2*j + 5*u + 11. Is 4874/2*(j + -2) a composite number?
False
Suppose 4*g - 496919 = -t, 2*g - 5*g - 2*t + 372693 = 0. Is g a composite number?
True
Let f(y) = 15162*y**2 - 229*y - 688. Is f(-3) composite?
True
Let i(j) = 2473*j**2 + 6*j - 17. Is i(7) composite?
True
Let y = -235 + 650. Let x = y - -1918. Is x a composite number?
False
Let m = 13 - 6. Suppose -2561 = -m*v + 2276. Is v a composite number?
False
Suppose 3*z - 706 = -151. Suppose 194*y - z*y - 46323 = 0. Is y prime?
True
Suppose 7*o = 2*o + 3055. Suppose c + o = b, 0 = 4*b - 2*c + 3*c - 2439. Let w = b + -303. Is w composite?
False
Suppose -3*j = -2*y - 2121, 3*j - 5*y - 2115 = -y. Is (j/(-2))/((-20)/40) composite?
False
Let r(j) be the third derivative of -j**6/120 + 11*j**5/60 - j**4/4 - 7*j**3/2 + 12*j**2 - 2. Is r(9) a prime number?
False
Let a be 4 - (23288*1 + 6). Let g = a - -49331. Is g composite?
False
Suppose -2955 = -5*u + 3*b - 8*b, -2*u - b + 1187 = 0. Let o = -411 + u. Is o a composite number?
True
Let k = 15 - 12. Suppose u + 6905 = k*l - 4*u, 2*l - 4574 = -4*u. Suppose -m = -2*i + l, 5*i - 5737 = -2*m + 4*m. Is i composite?
True
Suppose -3*v - 6*o = -2*o - 1154, 0 = 5*o + 5. Suppose -2*a + v = -132. Suppose 1036 = 4*n + 5*w, -3*n + 2*n = -5*w - a. Is n prime?
False
Let g = -406018 - -1013580. Is g composite?
True
Let m be (7 + -3 - 3) + 2. Let f(g) = g**2 + g**m + 0*g**3 + 19*g - 8 - 32*g. Is f(7) a prime number?
True
Suppose -2*j + 2*f = -648934, -382910 = -j + 4*f - 58425. Is j a composite number?
True
Suppose 593*u = 504*u + 6582173. Is u composite?
True
Suppose -99 = 3*o - 201. Let n(a) = 210*a - 77. Is n(o) prime?
False
Suppose -6*h - 170 = 4*h. Let v = h - -30. Let o(y) = 2*y**3 - 10*y**2 - 21*y + 28. Is o(v) a prime number?
True
Suppose 0 = -6*k + 822642 + 257496. Is k prime?
True
Let c(o) = 1 + 0 + 82*o**2 - 10*o + 7*o. Let i = -20 + 22. Is c(i) prime?
False
Let r(u) = 152*u**2 - 18*u - 65. Let t be r(20). Suppose 5*j - 2*k = t, 5*j - 5053 = -k + 55307. Let l = -7086 + j. Is l composite?
False
Let r(u) = 1589*u + 398. Is r(37) prime?
False
Let p(u) = 35*u - 175. Let o be p(5). Suppose o = b - 8*j + 12*j - 5343, -2*b + 10634 = -5*j. Is b composite?
True
Let p(u) = 21505*u + 2657. Is p(6) a prime number?
True
Let k = 71 + -68. Suppose m - 5*i - 3 = 10, -3 = k*i. Is 2/(-8) - (-5034)/m a prime number?
False
Let m(n) = -n + 1. Let p(f) = 915*f**2 + 33*f + 53. Let j(d) = 4*m(d) + p(d). Is j(-2) composite?
False
Is (-15)/((-30)/(-192373))*-2 prime?
True
Suppose 32*g = -16*g + 2209239 + 1686585. Is g a composite number?
False
Let y(b) = 13*b**3 - 116*b**2 + 123*b - 67. Let o(p) = 5*p**3 - 39*p**2 + 41*p - 22. Let j(w) = -8*o(w) + 3*y(w). Is j(-39) prime?
True
Let d(a) = 11990*a - 1626. Is d(4) prime?
False
Suppose q - 3*f = 47021, -f - 12442 + 59467 = q. Suppose -4*o - c = -q, -5*o + 9*c - 13*c + 58769 = 0. Is o prime?
False
Let d(s) = -32*s + 305. Let w be d(14). Is (1636/(-2))/((494/w)/19) composite?
True
Let h(l) be the second derivative of l**5/20 + 25*l**4/12 - 29*l**3/6 + 23*l**2/2 - 25*l + 3. Is h(-20) composite?
True
Let b = -1931 - -6279. Suppose 0 = -6*q + 2*q + b. Is q a prime number?
True
Suppose 239*l - 18078156 = 203*l. Is l a prime number?
True
Let k(s) be the first derivative of 19*s**3/3 - 21*s**2/2 - 29*s + 43. Is k(-8) a prime number?
False
Suppose 0 = 446*p - 447*p + 2*j + 20001, -p - 4*j + 20007 = 0. Is p composite?
True
Let a be -24*(-2)/(4/27). Suppose 2*y + 2*k - 5*k - 325 = 0, -a = -2*y + 2*k. Is y composite?
True
Suppose 0 = -3*g - 9, -4*h + 11*g - 4158 = -7*h. Is h prime?
False
Let z = -133956 - -368785. Is z a composite number?
True
Let y(s) be the second derivative of -3*s**3 - 7*s**2/2 - 10*s. Let m be y(-9). Let n = m - -84. Is n a prime number?
True
Let m = 24 + -26. Let n be m/8 + (-37685)/(-20). Suppose 7*b - n = b. Is b a prime number?
False
Let y(l) be the third derivative of -l**6/6 + 3*l**5/20 + l**4/12 + 7*l**3/6 - 35*l**2. Is y(-5) composite?
True
Suppose 3*t - 3*m = -4*m - 18, 3*m = 4*t + 24. Let p(b) = -2165*b - 61. Is p(t) composite?
True
Let p = 252252 - -80585. Is p composite?
False
Suppose -365*n + 357*n = -2323946 - 6016830. Is n a prime number?
True
Suppose -7*w - 61 = -68. Suppose 10*h + w = 401. Suppose -36*i + h*i - 844 = 0. Is i a composite number?
False
Suppose 2*v + 2 = 0, -5*l - 99*v + 103*v + 1318199 = 0. Is l a prime number?
False
Let h(k) = -1812 + 682 + 2618 + 3659 - 3*k**2. Is h(0) prime?
True
Suppose 5*o = -5*w + 62 + 78, w - 48 = -5*o. Let y = 25 - w. Suppose -6*m - 5*v = -m - 4325, y*m - 4*v - 1718 = 0. Is m composite?
False
Suppose 0*q - 9*q + 0*q = 0. Suppose -2*f - 5*s - 9 = q, 3*f + 3*s + 5 = 2*f. Is (-9 - -6) + 1 - 378/f composite?
True
Let s(h) be the third derivative of h**6/40 + h**5/30 + h**4/12 - h**3/6 - 17*h**2. Let c be s(2). Let b = c - -128. Is b a composite number?
False
Let k(v) = -6904*v - 547. Is k(-2) prime?
False
Let p = -394 + 368. Let g(a) = 57 - 24 + 35 - 12*a - 27*a. Is g(p) a composite number?
True
Let l(v) = v**3 + 5*v**2 - 11*v - 17. Let x be l(-12). Let a = 1654 + x. Is a prime?
True
Let u(n) = 41*n - 70*n - 1 + 41*n. Is u(7) a prime number?
True
Let o = -1602 - -2327. Suppose 91*a - 86*a - o = 0. Is a composite?
True
Let h(o) = 2*o**2 + 95*o - 36. Suppose 7*n + 620 = 27*n. Is h(n) a prime number?
True
Suppose -b = 12 - 6, 3*o + 3*b - 319929 = 0. Is o prime?
True
Suppose -3*t + g + 13 = -0*g, 4*g + 13 = -t. Is (1555/3 + -6)*t composite?
True
Suppose -166*o + 44196611 = -29*o. Is o a composite number?
True
Let a(o) = 3459*o + 2636. Is a(15) composite?
False
Let h(s) = 6 + 0*s**2 + 15*s - 31*s**3 + 32*s**3 + 3*s**2 - 4*s**2. Let w be h(5). Suppose -3*i = -362 - w. Is i composite?
False
Let l(m) = m**3 + 10*m**2 + 7*m - 9. Let g be l(-10). Let f = -84 - g. Is ((-3070)/25)/(2/f) a composite number?
False
Is ((-148220)/(-50))/(10/25) prime?
True
Let k = 153 - 147. Suppose -k*x - 5097 = -12651. Is x a composite number?
False
Let d be (-2 - (-25)/5) + (2 - -40). Suppose -7*c - d = -16*c. Suppose -2*z - 6273 = -5*v, -c*v + 4*z - 7*z = -6278. Is v composite?
True
Suppose -24*v + 28*v + 4*r - 34568 = 0, -5*v + 3*r = -43170. Is v composite?
True
Suppose 0 = -95*c + 98*c + 5*g - 398032, 2*c + 3*g = 265357. Is c a composite number?
False
Is ((-12399432)/16)/(69/(-46)) prime?
True
Let h(k) = 3468*k**2 - 34*k - 133. Is h(-5) a prime number?
False
Let p be 12026/21*9/6. Suppose 2*y - 651 = p. Is y a prime number?
False
Suppose -210*r + 197*r = -78039 - 2371174. Is r a prime number?
True
Suppose 5*j = 19*j - 61334. Let h = j + 1908. Is h a prime number?
False
Suppose -41*c + 866997 = -4263866. Is c composite?
True
Suppose -16*c + 7*c = -17037. Let a = c - -556. Is a prime?
False
Let j = 157 - 152. Suppose 0 = -10*a + j*a - 2*f - 8, -2*f = -4*a + 8. Suppose 1074 = -a*v + 2*v - 4*r, 0 = 4*v - 5*r - 2154. Is v a prime number?
True
Let z be (52/(-6))/((-70)/120330). Let d = -8032 + z. Is d prime?
False
Let i(n) be the first derivative of -205*n**4/4 + n**3/3 - 2*n**2 - n - 15. Is i(-2) composite?
True
Suppose -305736 + 64947 = -2*f - f. Is f a composite number?
False
Let y(f) = 329*f**2 - 15*f - 45. Suppose -4*g - 101 = -85. Is y(g) prime?
True
Suppose 6*f - 1277 + 4973 = 0. Let y = 2253 + f. Is y prime?
True
Let i(d) = 14*d**3 - 15*d**2 + 2*d - 2. Let m be i(10). Suppose -35242 = -4*f - m. Is (-4)/18 + f/9 prime?
True
Suppose 5*s + 5*f - 315